{"id":59,"date":"2019-06-06T21:45:20","date_gmt":"2019-06-06T20:45:20","guid":{"rendered":"https:\/\/94.126.169.152\/~patric24\/?page_id=59"},"modified":"2019-06-11T22:47:57","modified_gmt":"2019-06-11T21:47:57","slug":"contabilidade","status":"publish","type":"page","link":"https:\/\/www.patriciaramos.pt\/?page_id=59","title":{"rendered":"Contabilidade"},"content":{"rendered":"\n<p>Num mundo cada vez mais competitivo e global a contabilidade deixa de ser encarada como uma exig\u00eancia legal, actualmente \u00e9 uma ferramenta de gest\u00e3o.<\/p>\n\n\n\n<p>\u00c9 assente neste principio que executamos a contabilidade de empres\u00e1rios em nome individual, profissionais liberais e sociedades.<\/p>\n\n\n\n<p><img loading=\"lazy\" decoding=\"async\" width=\"25\" height=\"21\" scale=\"0\" class=\"wp-image-16\" style=\"width: 25px;\" src=\"https:\/\/www.patriciaramos.ptwp-content\/uploads\/2019\/06\/Patr\u00a1cia_Ramos_Torre.ico\" alt=\"\"> Recolha de documenta\u00e7\u00e3o junto do cliente<\/p>\n\n\n\n<p><img loading=\"lazy\" decoding=\"async\" width=\"25\" height=\"21\" scale=\"0\" class=\"wp-image-16\" style=\"width: 25px;\" src=\"https:\/\/www.patriciaramos.ptwp-content\/uploads\/2019\/06\/Patr\u00a1cia_Ramos_Torre.ico\" alt=\"\"> Tratamento&nbsp; e lan\u00e7amento&nbsp; contabil\u00edstico de toda a documenta\u00e7\u00e3o (Contabilidade Geral \/ Anal\u00edtica) segundo o Plano Oficial de Contabilidade.<\/p>\n\n\n\n<p><img loading=\"lazy\" decoding=\"async\" width=\"25\" height=\"21\" scale=\"0\" class=\"wp-image-16\" style=\"width: 25px;\" src=\"https:\/\/www.patriciaramos.ptwp-content\/uploads\/2019\/06\/Patr\u00a1cia_Ramos_Torre.ico\" alt=\"\"> An\u00e1lise mensal \/ trimestral de Balancetes gerais e anal\u00edticos<\/p>\n\n\n\n<p><img loading=\"lazy\" decoding=\"async\" width=\"25\" height=\"21\" scale=\"0\" class=\"wp-image-16\" style=\"width: 25px;\" src=\"https:\/\/www.patriciaramos.ptwp-content\/uploads\/2019\/06\/Patr\u00a1cia_Ramos_Torre.ico\" alt=\"\"> Reconcilia\u00e7\u00e3o banc\u00e1ria<\/p>\n\n\n\n<p><img loading=\"lazy\" decoding=\"async\" width=\"25\" height=\"21\" scale=\"0\" class=\"wp-image-16\" style=\"width: 25px;\" src=\"https:\/\/www.patriciaramos.ptwp-content\/uploads\/2019\/06\/Patr\u00a1cia_Ramos_Torre.ico\" alt=\"\"> Recupera\u00e7\u00e3o de todo o&nbsp; tipo de contabilidade<\/p>\n\n\n\n<p><img loading=\"lazy\" decoding=\"async\" width=\"25\" height=\"21\" scale=\"0\" class=\"wp-image-16\" style=\"width: 25px;\" src=\"https:\/\/www.patriciaramos.ptwp-content\/uploads\/2019\/06\/Patr\u00a1cia_Ramos_Torre.ico\" alt=\"\"> RESPONSABILIDADE T\u00c9CNICA DO CONTABILISTA CERTIFICADO<\/p>\n","protected":false},"excerpt":{"rendered":"<p>Num mundo cada vez mais competitivo e global a contabilidade deixa de ser encarada como uma exig\u00eancia legal, actualmente \u00e9 uma ferramenta de gest\u00e3o. \u00c9 assente neste principio que executamos a contabilidade de empres\u00e1rios em nome individual, profissionais liberais e sociedades. Recolha de documenta\u00e7\u00e3o junto do cliente Tratamento&nbsp; e lan\u00e7amento&nbsp; contabil\u00edstico de toda a documenta\u00e7\u00e3o<span class=\"excerpt-ellipsis\">&#8230;<\/span><\/p>\n<p><a class=\"more-link\" href=\"https:\/\/www.patriciaramos.pt\/?page_id=59\" itemprop=\"url\">Continue Reading<\/a><\/p>\n","protected":false},"author":1,"featured_media":0,"parent":57,"menu_order":0,"comment_status":"closed","ping_status":"closed","template":"","meta":{"footnotes":""},"class_list":["post-59","page","type-page","status-publish","hentry"],"jetpack_sharing_enabled":true,"_links":{"self":[{"href":"https:\/\/www.patriciaramos.pt\/index.php?rest_route=\/wp\/v2\/pages\/59","targetHints":{"allow":["GET"]}}],"collection":[{"href":"https:\/\/www.patriciaramos.pt\/index.php?rest_route=\/wp\/v2\/pages"}],"about":[{"href":"https:\/\/www.patriciaramos.pt\/index.php?rest_route=\/wp\/v2\/types\/page"}],"author":[{"embeddable":true,"href":"https:\/\/www.patriciaramos.pt\/index.php?rest_route=\/wp\/v2\/users\/1"}],"replies":[{"embeddable":true,"href":"https:\/\/www.patriciaramos.pt\/index.php?rest_route=%2Fwp%2Fv2%2Fcomments&post=59"}],"version-history":[{"count":3,"href":"https:\/\/www.patriciaramos.pt\/index.php?rest_route=\/wp\/v2\/pages\/59\/revisions"}],"predecessor-version":[{"id":150,"href":"https:\/\/www.patriciaramos.pt\/index.php?rest_route=\/wp\/v2\/pages\/59\/revisions\/150"}],"up":[{"embeddable":true,"href":"https:\/\/www.patriciaramos.pt\/index.php?rest_route=\/wp\/v2\/pages\/57"}],"wp:attachment":[{"href":"https:\/\/www.patriciaramos.pt\/index.php?rest_route=%2Fwp%2Fv2%2Fmedia&parent=59"}],"curies":[{"name":"wp","href":"https:\/\/api.w.org\/{rel}","templated":true}]}}

<p>Num mundo cada vez mais competitivo e global a contabilidade deixa de ser encarada como uma exigência legal, actualmente é uma ferramenta de gestão.</p>



<p>É assente neste principio que executamos a contabilidade de empresários em nome individual, profissionais liberais e sociedades.</p>



<p><img loading="lazy" decoding="async" width="25" height="21" scale="0" class="wp-image-16" style="width: 25px;" src="https://www.patriciaramos.ptwp-content/uploads/2019/06/Patr¡cia_Ramos_Torre.ico" alt=""> Recolha de documentação junto do cliente</p>



<p><img loading="lazy" decoding="async" width="25" height="21" scale="0" class="wp-image-16" style="width: 25px;" src="https://www.patriciaramos.ptwp-content/uploads/2019/06/Patr¡cia_Ramos_Torre.ico" alt=""> Tratamento&nbsp; e lançamento&nbsp; contabilístico de toda a documentação (Contabilidade Geral / Analítica) segundo o Plano Oficial de Contabilidade.</p>



<p><img loading="lazy" decoding="async" width="25" height="21" scale="0" class="wp-image-16" style="width: 25px;" src="https://www.patriciaramos.ptwp-content/uploads/2019/06/Patr¡cia_Ramos_Torre.ico" alt=""> Análise mensal / trimestral de Balancetes gerais e analíticos</p>



<p><img loading="lazy" decoding="async" width="25" height="21" scale="0" class="wp-image-16" style="width: 25px;" src="https://www.patriciaramos.ptwp-content/uploads/2019/06/Patr¡cia_Ramos_Torre.ico" alt=""> Reconciliação bancária</p>



<p><img loading="lazy" decoding="async" width="25" height="21" scale="0" class="wp-image-16" style="width: 25px;" src="https://www.patriciaramos.ptwp-content/uploads/2019/06/Patr¡cia_Ramos_Torre.ico" alt=""> Recuperação de todo o&nbsp; tipo de contabilidade</p>



<p><img loading="lazy" decoding="async" width="25" height="21" scale="0" class="wp-image-16" style="width: 25px;" src="https://www.patriciaramos.ptwp-content/uploads/2019/06/Patr¡cia_Ramos_Torre.ico" alt=""> RESPONSABILIDADE TÉCNICA DO CONTABILISTA CERTIFICADO</p>

<p>Num mundo cada vez mais competitivo e global a contabilidade deixa de ser encarada como uma exigência legal, actualmente é uma ferramenta de gestão. É assente neste principio que executamos a contabilidade de empresários em nome individual, profissionais liberais e sociedades. Recolha de documentação junto do cliente Tratamento&nbsp; e lançamento&nbsp; contabilístico de toda a documentação<span class="excerpt-ellipsis">&#8230;</span></p>
<p><a class="more-link" href="https://www.patriciaramos.pt/?page_id=59" itemprop="url">Continue Reading</a></p>
